{"id":24,"date":"2019-01-07T21:07:34","date_gmt":"2019-01-07T21:07:34","guid":{"rendered":"http:\/\/katztheater.info\/?page_id=24"},"modified":"2022-10-17T11:33:52","modified_gmt":"2022-10-17T11:33:52","slug":"katz-geschichte","status":"publish","type":"page","link":"https:\/\/katztheater.info\/?page_id=24","title":{"rendered":"Katz-Geschichte"},"content":{"rendered":"\n<p><strong>Seit 1990 steht das KATZ-K\u00fcrzel f\u00fcr Komisches, Klassisches, Absurdes und Dramatisches auf den B\u00fchnen der TUFA.<\/strong><br><br>\n    Angefangen hat alles mit einer VHS &#8211; Theatergruppe, der der \nRegisseur abhandenkam. Bei der Suche nach einem Nachfolger stie\u00df man auf\n einen theaterbegeisterten Trierer, der gerade eine Ausbildung\n    im Bereich des Schultheaters machte. F\u00fcr Gerd Freyberg ging ein lang\n gehegter Traum in Erf\u00fcllung: Regie in einer eigenen Theatergruppe zu \nf\u00fchren. Das war im Jahr 1987.<br><br>\n    Bald wurde die ehemalige VHS-Gruppe ein Teil der KATZ, der Kleinen \nAlternativen Trierer Zeitung, einem kleinen, aber beachtlich \nalternativen Stadtmagazin. So kam es, dass schlie\u00dflich im Jahr 1990\n    das KATZ-Theater sein erstes Theaterst\u00fcck auf die B\u00fchne der TUFA \nTrier brachte. \u201eIst der wei\u00dfe Flieder essbar\u201c war eine Eigenproduktion, \ndie aus zahlreichen Improvisationen entstand.<br><br>\n    Heute gibt es zwar nicht mehr die KATZ, aber das KATZ-Theater ist \ngeblieben und steht regelm\u00e4\u00dfig auf der B\u00fchne der TUFA. Knapp 20 \nMitglieder suchen mit viel Herz und Leidenschaft immer wieder die\n    Herausforderung das Publikum mit Klassikern, wie auch frischen, \nneuen St\u00fccken zum Nachdenken, Lachen oder auch Weinen zu bringen.\n\n\n<\/p>\n\n\n\n<figure class=\"wp-block-image\"><img loading=\"lazy\" decoding=\"async\" width=\"718\" height=\"1024\" src=\"https:\/\/katztheater.info\/wp-content\/uploads\/2019\/01\/Katz-Zeitung-1-718x1024.jpg\" alt=\"\" class=\"wp-image-56\" srcset=\"https:\/\/katztheater.info\/wp-content\/uploads\/2019\/01\/Katz-Zeitung-1-718x1024.jpg 718w, https:\/\/katztheater.info\/wp-content\/uploads\/2019\/01\/Katz-Zeitung-1-210x300.jpg 210w, https:\/\/katztheater.info\/wp-content\/uploads\/2019\/01\/Katz-Zeitung-1-768x1096.jpg 768w, https:\/\/katztheater.info\/wp-content\/uploads\/2019\/01\/Katz-Zeitung-1-400x571.jpg 400w, https:\/\/katztheater.info\/wp-content\/uploads\/2019\/01\/Katz-Zeitung-1-800x1142.jpg 800w, https:\/\/katztheater.info\/wp-content\/uploads\/2019\/01\/Katz-Zeitung-1.jpg 803w\" sizes=\"auto, (max-width: 718px) 100vw, 718px\" \/><\/figure>\n","protected":false},"excerpt":{"rendered":"<p>Seit 1990 steht das KATZ-K\u00fcrzel f\u00fcr Komisches, Klassisches, Absurdes und Dramatisches auf den B\u00fchnen der TUFA. Angefangen hat alles mit einer VHS &#8211; Theatergruppe, der der Regisseur abhandenkam. Bei der<\/p><\/div>\n<div class=\"blog-btn\"><a href=\"https:\/\/katztheater.info\/?page_id=24\" class=\"home-blog-btn\">Weiterlesen<\/a><\/p>\n","protected":false},"author":1,"featured_media":0,"parent":19,"menu_order":2,"comment_status":"closed","ping_status":"closed","template":"","meta":{"om_disable_all_campaigns":false,"_monsterinsights_skip_tracking":false,"_monsterinsights_sitenote_active":false,"_monsterinsights_sitenote_note":"","_monsterinsights_sitenote_category":0,"footnotes":""},"class_list":["post-24","page","type-page","status-publish","hentry"],"aioseo_notices":[],"jetpack_sharing_enabled":true,"_links":{"self":[{"href":"https:\/\/katztheater.info\/index.php?rest_route=\/wp\/v2\/pages\/24","targetHints":{"allow":["GET"]}}],"collection":[{"href":"https:\/\/katztheater.info\/index.php?rest_route=\/wp\/v2\/pages"}],"about":[{"href":"https:\/\/katztheater.info\/index.php?rest_route=\/wp\/v2\/types\/page"}],"author":[{"embeddable":true,"href":"https:\/\/katztheater.info\/index.php?rest_route=\/wp\/v2\/users\/1"}],"replies":[{"embeddable":true,"href":"https:\/\/katztheater.info\/index.php?rest_route=%2Fwp%2Fv2%2Fcomments&post=24"}],"version-history":[{"count":4,"href":"https:\/\/katztheater.info\/index.php?rest_route=\/wp\/v2\/pages\/24\/revisions"}],"predecessor-version":[{"id":109,"href":"https:\/\/katztheater.info\/index.php?rest_route=\/wp\/v2\/pages\/24\/revisions\/109"}],"up":[{"embeddable":true,"href":"https:\/\/katztheater.info\/index.php?rest_route=\/wp\/v2\/posts\/19"}],"wp:attachment":[{"href":"https:\/\/katztheater.info\/index.php?rest_route=%2Fwp%2Fv2%2Fmedia&parent=24"}],"curies":[{"name":"wp","href":"https:\/\/api.w.org\/{rel}","templated":true}]}}